{"id":10,"date":"2009-09-21T22:45:47","date_gmt":"2009-09-21T20:45:47","guid":{"rendered":"http:\/\/test.studio-augsburg.de\/?page_id=10"},"modified":"2018-02-05T00:07:20","modified_gmt":"2018-02-04T23:07:20","slug":"lebenslauf-werdegang","status":"publish","type":"page","link":"http:\/\/www.lutz-anwalt.de\/?page_id=10","title":{"rendered":"Lebenslauf \/ Werdegang"},"content":{"rendered":"<ul>\n<li>Human. Gymnasium bei St. Stephan in Augsburg<\/li>\n<li>Wehrdienst<\/li>\n<li>Studium der Rechtswissenschaften an den Universit\u00e4ten W\u00fcrzburg und Genf.<\/li>\n<li>1976 Zulassung zur Rechtsanwaltschaft<\/li>\n<li>1978 Gr\u00fcndung der eigenen Kanzlei<\/li>\n<li>2003 Verleihung der Bayerischen Justizmedaille<\/li>\n<li>2014 Verleihung des Bundesverdienstkreuzes am Bande<\/li>\n<li>2016 Verleihung der Friedl\u00e4nder-Medaille durch den Bayerischen Anwaltverband<\/li>\n<\/ul>\n<h3>Lehrt\u00e4tigkeit<\/h3>\n<ul>\n<li>Lehrbeauftragter an der Universit\u00e4t Augsburg<\/li>\n<li>Gastdozent im Rahmen der Ausbildung der Rechtsreferendare<\/li>\n<li>Referent in der Ausbildung der Rechtsanwaltsfachangestellten<\/li>\n<\/ul>\n<h3>Neben\u00e4mter<\/h3>\n<ul>\n<li>Vorsitzender AugsburgerAnwaltVerein (bis 2016)<\/li>\n<li>Vorsitzender Richter am Bayer. Anwaltsgerichtshof (bis 2015)<\/li>\n<li>Mitglied des Pr\u00fcfungsausschusses f\u00fcr die Rechtsanwaltsfachangestellten<\/li>\n<li>Mitglied des Berufsbildungsausschusses der RAK M\u00fcnchen<\/li>\n<li>Stv. Vorsitzender des Disziplinargerichts des Katholischen Schulwerks in Bayern<\/li>\n<\/ul>\n","protected":false},"excerpt":{"rendered":"<p>Human. Gymnasium bei St. Stephan in Augsburg Wehrdienst Studium der Rechtswissenschaften an den Universit\u00e4ten W\u00fcrzburg und Genf. 1976 Zulassung zur Rechtsanwaltschaft 1978 Gr\u00fcndung der eigenen Kanzlei 2003 Verleihung der Bayerischen Justizmedaille 2014 Verleihung des Bundesverdienstkreuzes am Bande 2016 Verleihung der Friedl\u00e4nder-Medaille durch den Bayerischen Anwaltverband Lehrt\u00e4tigkeit Lehrbeauftragter an der Universit\u00e4t Augsburg Gastdozent im Rahmen der [&hellip;]<\/p>\n","protected":false},"author":1,"featured_media":0,"parent":0,"menu_order":20,"comment_status":"closed","ping_status":"closed","template":"","meta":[],"_links":{"self":[{"href":"http:\/\/www.lutz-anwalt.de\/index.php?rest_route=\/wp\/v2\/pages\/10"}],"collection":[{"href":"http:\/\/www.lutz-anwalt.de\/index.php?rest_route=\/wp\/v2\/pages"}],"about":[{"href":"http:\/\/www.lutz-anwalt.de\/index.php?rest_route=\/wp\/v2\/types\/page"}],"author":[{"embeddable":true,"href":"http:\/\/www.lutz-anwalt.de\/index.php?rest_route=\/wp\/v2\/users\/1"}],"replies":[{"embeddable":true,"href":"http:\/\/www.lutz-anwalt.de\/index.php?rest_route=%2Fwp%2Fv2%2Fcomments&post=10"}],"version-history":[{"count":31,"href":"http:\/\/www.lutz-anwalt.de\/index.php?rest_route=\/wp\/v2\/pages\/10\/revisions"}],"predecessor-version":[{"id":40,"href":"http:\/\/www.lutz-anwalt.de\/index.php?rest_route=\/wp\/v2\/pages\/10\/revisions\/40"}],"wp:attachment":[{"href":"http:\/\/www.lutz-anwalt.de\/index.php?rest_route=%2Fwp%2Fv2%2Fmedia&parent=10"}],"curies":[{"name":"wp","href":"https:\/\/api.w.org\/{rel}","templated":true}]}}